alculate the remainder when q is divided by w.
12
Suppose 3*y = 2*p - 27, 3 = -y - 2. Let d be (12/(-14))/((-3)/21). Calculate the remainder when (-8)/6*(-45)/d is divided by p.
4
Let q(h) = 68*h + 307. Calculate the remainder when q(21) is divided by 22.
19
Let c be (453/(-4))/(60/(-80)). Let u = c + -108. Calculate the remainder when u is divided by 25.
18
Suppose j - 3*d + 123 = 3*j, -2*j + 5*d + 131 = 0. Calculate the remainder when 308 is divided by j.
56
Let o be 25/(-10)*8/(-5). Suppose o*m - 21 - 31 = 0. Let v(f) = f**3 + 7*f**2 - f. What is the remainder when m is divided by v(-7)?
6
Let d be (-8 + -1)/(-3) + 76. Let a = d - 34. Suppose 3*r - 15 - a = 0. Calculate the remainder when 58 is divided by r.
18
Suppose -2*z = -4*c - 28, -c + 2 = 3*z + c. Let r(s) = 12*s - 10. Calculate the remainder when r(z) is divided by 20.
18
Let c be ((-3 - -2) + 2)*117. Let z(l) = -l**2 - 7*l - 7. Let h be z(-5). Suppose 0*i + h*i - c = 0. What is the remainder when i is divided by 14?
11
Suppose -5*z + 4*x = -344, 0*x = 3*x + 3. Calculate the remainder when 402 is divided by z.
62
Suppose 2*w = i + 41, 0*w + 2*i - 58 = -3*w. Suppose r = -4*r + 35. Calculate the remainder when w is divided by r.
6
Let d = 1 + 23. Calculate the remainder when 80 is divided by d.
8
Suppose -61*z = -76*z + 120. What is the remainder when 25 is divided by z?
1
Let q = 618 - 547. What is the remainder when 637 is divided by q?
69
Let p be (10/(-15))/(2/(-15)). Suppose -w = d - 16, 5*w + p*d - 4 = 4*w. What is the remainder when w is divided by (-14)/(-10)*35/7?
5
Let c be (-5)/15*(-1 - 116). Let m = -31 + c. Calculate the remainder when 15 is divided by m.
7
What is the remainder when (-31)/((2 - 3)/((-5)/(-5))) is divided by 9?
4
Suppose -66*r - 288 = -69*r. Calculate the remainder when r is divided by 33.
30
Suppose 0 = -4*w - 3*y, 0*w + 4*y = w. Suppose -2*a = -2*z - 38, w + 3 = z. Suppose 4*t - 128 = 2*t. What is the remainder when t is divided by a?
20
Suppose 0 = 3*w - 30 - 42. Calculate the remainder when 119 is divided by w.
23
Let w(b) = -11*b**3 - 5 + 12*b**3 - 9*b**2 - 3*b + 3*b. Let f be w(9). Calculate the remainder when 22 is divided by ((-12)/f)/(18/45).
4
Suppose -2*u + 24 = -5*u. Let y(g) = -g**3 - 7*g**2 + 7*g - 8. Let p be y(u). Suppose p + 10 = r. What is the remainder when 18 is divided by r?
8
Let a(d) = -d**3 + 7*d**2 - 5*d. Let v be a(6). Suppose -166 = -2*z + 3*u, -v*u + 415 = 5*z - 3*u. What is the remainder when z is divided by 21?
20
Let r be (-9 + 3)/(15/10). Let h(n) = n**3 + 5*n**2 - n - 3. What is the remainder when 32 is divided by h(r)?
15
Let h(i) = 44*i + 47. Calculate the remainder when h(2) is divided by 14.
9
Let a(i) = -i**3 - 35*i**2 - 266*i - 10. Let r(n) = -80*n**3. What is the remainder when r(-1) is divided by a(-11)?
8
Let v(d) = -2*d + 473. What is the remainder when v(46) is divided by 28?
17
Let n(v) = -v**3 - 6*v**2 - 7*v - 5. Let t(l) = 7*l + 3. Let h be t(4). Let a = h + -36. What is the remainder when 9 is divided by n(a)?
4
Let j(w) = -w - 2. Let t(n) = -n**3 - 1. Let o be t(-1). Let k be j(o). Calculate the remainder when 74 is divided by (-5)/k*76/10.
17
Let h = -1988 - -2038. What is the remainder when 176 is divided by h?
26
Suppose 19*r = 200 + 560. Calculate the remainder when 114 is divided by r.
34
Calculate the remainder when (-3983)/(-9) - 280/(-630) is divided by 89.
87
Let f = 137 - 130. Suppose -4*u + f = -153. What is the remainder when u is divided by 14?
12
Suppose -61*w + 62*w - 159 = 0. What is the remainder when w is divided by 18?
15
Let l = -20 - -24. Suppose -114 = -l*h + 62. Calculate the remainder when h is divided by (-17)/(2*3/(-6)).
10
Suppose -40*j + 440 + 40 = 0. Calculate the remainder when 29 is divided by j.
5
What is the remainder when 8/((-6)/(-5016)*11) is divided by 12?
8
Suppose 2*w + d - 98 = 0, -3*d = -3*w - 110 + 239. What is the remainder when 320 is divided by w?
38
Let p(r) = 12*r - 34. Let l(x) = x**3 - 7*x**2 - x + 11. Let t be l(7). Let u(f) = -f**3 + 6*f**2 + 6*f. Calculate the remainder when u(5) is divided by p(t).
13
Suppose -18*u + 712 = 46. Calculate the remainder when u is divided by 22.
15
Suppose -28*o = -25*o - 225. Calculate the remainder when o is divided by (54/(-4))/((-1)/2).
21
Let b = -314 + 351. Calculate the remainder when 184 is divided by b.
36
Suppose 0 = -4*u + 21 + 3. Let n = u - -1. What is the remainder when 28 is divided by 43/n - (-5)/(-35)?
4
Let u be (3/3)/((-2)/(-10)). Suppose 2*k = 2, -w + 2 = -u*k - 25. Let c(b) = 11*b**3 + 2*b - 1. Calculate the remainder when w is divided by c(1).
8
Let t = -44 - -49. Suppose b - 5*n - 58 = 0, 3*b - t*n = -0*b + 124. What is the remainder when 161 is divided by b?
29
Let r = -264 + 276. What is the remainder when (-3)/5 - 146/(-10) is divided by r?
2
Let z(l) = 5*l**2 + l - 1. Let g be z(-1). Suppose -2*d + 100 = g*d. Calculate the remainder when 93 is divided by d.
13
Let a(t) = -t. Let p = -13 + 17. Let c(j) = 12*j + 2. Let b(x) = p*c(x) + 44*a(x). What is the remainder when b(3) is divided by 6?
2
Suppose 0 = -2*n + 5*l + 379, 4*n - 3*n = -4*l + 183. What is the remainder when n is divided by 38?
35
Let d(k) = k**2 + 71*k - 66. Calculate the remainder when 1*35 + (-2 - -1) is divided by d(-72).
4
Let w(p) = -p**3 + 8*p**2 + 9*p + 3. Let f be w(9). Suppose -2*z = f*z - 75. Suppose 0 = 11*j - z*j + 68. What is the remainder when j is divided by 5?
2
Let a(t) = -2*t + 23. Calculate the remainder when 97 is divided by a(-14).
46
Let a(i) = -i**3 + 3*i**2 - 3*i - 17. Let l be a(-8). Calculate the remainder when (l/27)/((-1)/(-3)) is divided by 27.
25
Suppose 64*v - 59*v - 187 = -2*f, 493 = 5*f + 4*v. What is the remainder when f is divided by 51?
50
Let i = 24 + -6. Suppose -5*d + 5*q + 79 = -201, 0 = 4*d - 3*q - 220. Calculate the remainder when d is divided by i.
16
Let f be 87/18 - 3/(-18). Suppose -f*i - 12 = 4*r, 0*r = 5*i + 3*r + 9. Suppose i = 2*p + 4*p - 30. What is the remainder when 18 is divided by p?
3
Suppose -11 = 5*o + 4, -k + o = -15. Suppose -k = -0*v - 4*v. Suppose -3*u = v*u - 60. Calculate the remainder when 29 is divided by u.
9
Suppose -3*c + 187 = -2*l, 0 = c + 18*l - 15*l - 44. Calculate the remainder when c is divided by 13.
7
Suppose 5*b - z = 495, 4*z = 3*b - 214 - 66. What is the remainder when b is divided by 39?
22
Let w(p) = -p**3 - 24*p**2 - 42*p + 53. Let x be w(-22). Suppose 5*u = -x*u + 658. Calculate the remainder when 328 is divided by u.
46
Let a(t) = 2*t**2 - 8*t + 3. Calculate the remainder when 19 is divided by a(4).
1
Let t = 936 - 913. What is the remainder when t is divided by 4?
3
Let x = 14 + -8. Let w = -1313 - -1323. What is the remainder when w is divided by x?
4
Suppose -4*t - 5*g + 73 = -0*g, 3*g - 13 = -t. Calculate the remainder when 104 is divided by t.
16
Suppose 764 = -0*s + 4*s + 3*c, -2*s - 4*c + 392 = 0. Calculate the remainder when s is divided by 32.
28
Let s = -460 - -511. What is the remainder when s is divided by 36?
15
Let q(j) = j**2 + 21*j - 144. Calculate the remainder when q(-27) is divided by 5.
3
Let s = 248 - 241. What is the remainder when -2*(-2 + (-7)/2) is divided by s?
4
Let a = 11 - 7. Suppose 0 = 3*w - a*b, -2*b + 3 = -3. Suppose 0 = -2*t + 4*j + 18, -4*t + 5*j = -25 - 8. What is the remainder when t is divided by w?
3
Calculate the remainder when 207 is divided by 22 - 1/((-8)/32).
25
Let r(n) = 0*n + 0*n - 3*n + 667 - 721. Calculate the remainder when 52 is divided by r(-21).
7
Let x(a) = -a**3 - 9*a**2 - 4*a + 91. Let v = 27 + -14. Calculate the remainder when v is divided by x(-6).
6
Suppose -z = -5*z + 3*v - 1, 0 = -3*z + 3*v - 3. Let o(b) = -3*b**3 - 3*b**2 + 3*b - 4. What is the remainder when o(-3) is divided by 326/22 - 4 - z/(-11)?
8
Let g be (2 + -3)*0/(-2). Let s be 2*(2 + -3)*-47. Suppose g*n - 3*n + 192 = 4*q, -n + s = 2*q. What is the remainder when q is divided by 12?
9
Let r(y) = -y**3 - 6*y**2 - 4*y + 1. Let l be r(-6). Let k = 38 - l. What is the remainder when 36 is divided by k?
10
Suppose 276 = 8*o + 20. What is the remainder when 120 is divided by o?
24
Let i(u) = 28*u + 122. Calculate the remainder when 338 is divided by i(-4).
8
Let j = -1 + 5. Suppose 10*h = 6*h + 12. What is the remainder when j is di